{"id":169,"date":"2025-04-07T16:45:30","date_gmt":"2025-04-07T14:45:30","guid":{"rendered":"https:\/\/recreation-sete.fr\/?page_id=169"},"modified":"2025-10-03T13:25:59","modified_gmt":"2025-10-03T11:25:59","slug":"location-de-salle-sete","status":"publish","type":"page","link":"https:\/\/recreation-sete.fr\/index.php\/location-de-salle-sete\/","title":{"rendered":"Location de salle"},"content":{"rendered":"\n<h2 class=\"wp-block-heading\">La Re-cr\u00e9ation est un lieu qui peut se louer enti\u00e8rement ou \u00e0 la salle.<\/h2>\n\n\n\n<p>Vous cherchez un lieu pour vos stages, vos formations ou vos r\u00e9p\u00e9titions? La Re-cr\u00e9ation vous inspirera par son emplacement, ses salles \u00e9quip\u00e9es et son acoustique.<\/p>\n\n\n\n<p>La Re-cr\u00e9ation propose 3 salles de travail, elles sont toutes \u00e9quip\u00e9es d&rsquo;une clim, d&rsquo;un parquet. Un piano droit est \u00e0 disposition dans la grande salle et deux pianos num\u00e9riques dans les deux autres.<\/p>\n\n\n\n<p>Sur place une kitchenette, une salle d&rsquo;attente et des WC. Des places de parking sur les quais. Le lieu se situe \u00e0 5 minutes \u00e0 pieds du centre ville, 20 minutes \u00e0 pieds de la gare et proche de la sortie de S\u00e8te.<\/p>\n\n\n\n<h2 class=\"wp-block-heading\">Pour conna\u00eetre les tarifs, merci de nous contacter via le formulaire de contact.<\/h2>\n\n\n\n<p>Vous souhaitant une bonne journ\u00e9e.<\/p>\n\n\n\n<p><\/p>\n\n\n\n<p>Marine<\/p>\n\n\n\n<p><\/p>\n\n\n\n<p><\/p>\n\n\n\n<p><br><\/p>\n\n\n\n<p><\/p>\n\n\n\n<figure class=\"wp-block-image size-large\"><img loading=\"lazy\" decoding=\"async\" width=\"576\" height=\"1024\" src=\"http:\/\/recreation-sete.fr\/wp-content\/uploads\/2025\/07\/PXL_20250609_0742023671-576x1024.jpg\" alt=\"\" class=\"wp-image-402\"\/><\/figure>\n\n\n\n<figure class=\"wp-block-image size-large\"><img loading=\"lazy\" decoding=\"async\" width=\"576\" height=\"1024\" src=\"https:\/\/recreation-sete.fr\/wp-content\/uploads\/2025\/07\/local-576x1024.jpg\" alt=\"\" class=\"wp-image-588\"\/><\/figure>\n\n\n\n<figure class=\"wp-block-image size-large\"><img loading=\"lazy\" decoding=\"async\" width=\"1024\" height=\"710\" src=\"https:\/\/recreation-sete.fr\/wp-content\/uploads\/2025\/10\/Screenshot_20251003-1316132-1024x710.jpg\" alt=\"\" class=\"wp-image-963\" style=\"aspect-ratio:1;object-fit:cover\" srcset=\"https:\/\/recreation-sete.fr\/wp-content\/uploads\/2025\/10\/Screenshot_20251003-1316132-1024x710.jpg 1024w, https:\/\/recreation-sete.fr\/wp-content\/uploads\/2025\/10\/Screenshot_20251003-1316132-980x680.jpg 980w, https:\/\/recreation-sete.fr\/wp-content\/uploads\/2025\/10\/Screenshot_20251003-1316132-480x333.jpg 480w\" sizes=\"(min-width: 0px) and (max-width: 480px) 480px, (min-width: 481px) and (max-width: 980px) 980px, (min-width: 981px) 1024px, 100vw\" \/><\/figure>\n","protected":false},"excerpt":{"rendered":"<p>La Re-cr\u00e9ation est un lieu qui peut se louer enti\u00e8rement ou \u00e0 la salle. Vous cherchez un lieu pour vos stages, vos formations ou vos r\u00e9p\u00e9titions? La Re-cr\u00e9ation vous inspirera par son emplacement, ses salles \u00e9quip\u00e9es et son acoustique. La Re-cr\u00e9ation propose 3 salles de travail, elles sont toutes \u00e9quip\u00e9es d&rsquo;une clim, d&rsquo;un parquet. Un [&hellip;]<\/p>\n","protected":false},"author":1,"featured_media":401,"parent":0,"menu_order":0,"comment_status":"closed","ping_status":"closed","template":"","meta":{"_et_pb_use_builder":"off","_et_pb_old_content":"","_et_gb_content_width":"","footnotes":""},"class_list":["post-169","page","type-page","status-publish","has-post-thumbnail","hentry"],"yoast_head":"<!-- This site is optimized with the Yoast SEO plugin v27.3 - https:\/\/yoast.com\/product\/yoast-seo-wordpress\/ -->\n<title>Location de salle - Recreation<\/title>\n<meta name=\"description\" content=\"La Re-cr\u00e9ation vous loue \u00e0 la salle ou enti\u00e8rement son espace. Un lieu conviviale et en bord de quai \u00e0 S\u00e8te. Il est \u00e9quip\u00e9 de la clim, de WC.\" \/>\n<meta name=\"robots\" content=\"index, follow, max-snippet:-1, max-image-preview:large, max-video-preview:-1\" \/>\n<link rel=\"canonical\" href=\"https:\/\/recreation-sete.fr\/index.php\/location-de-salle-sete\/\" \/>\n<meta property=\"og:locale\" content=\"fr_FR\" \/>\n<meta property=\"og:type\" content=\"article\" \/>\n<meta property=\"og:title\" content=\"Location de salle - Recreation\" \/>\n<meta property=\"og:description\" content=\"La Re-cr\u00e9ation vous loue \u00e0 la salle ou enti\u00e8rement son espace. Un lieu conviviale et en bord de quai \u00e0 S\u00e8te. Il est \u00e9quip\u00e9 de la clim, de WC.\" \/>\n<meta property=\"og:url\" content=\"https:\/\/recreation-sete.fr\/index.php\/location-de-salle-sete\/\" \/>\n<meta property=\"og:site_name\" content=\"Recreation\" \/>\n<meta property=\"article:publisher\" content=\"https:\/\/www.facebook.com\/marine.chaboud\" \/>\n<meta property=\"article:modified_time\" content=\"2025-10-03T11:25:59+00:00\" \/>\n<meta property=\"og:image\" content=\"http:\/\/recreation-sete.fr\/wp-content\/uploads\/2025\/07\/PXL_20250609_0741504221-scaled.jpg\" \/>\n\t<meta property=\"og:image:width\" content=\"1440\" \/>\n\t<meta property=\"og:image:height\" content=\"2560\" \/>\n\t<meta property=\"og:image:type\" content=\"image\/jpeg\" \/>\n<meta name=\"twitter:card\" content=\"summary_large_image\" \/>\n<meta name=\"twitter:label1\" content=\"Dur\u00e9e de lecture estim\u00e9e\" \/>\n\t<meta name=\"twitter:data1\" content=\"2 minutes\" \/>\n<script type=\"application\/ld+json\" class=\"yoast-schema-graph\">{\"@context\":\"https:\\\/\\\/schema.org\",\"@graph\":[{\"@type\":\"WebPage\",\"@id\":\"https:\\\/\\\/recreation-sete.fr\\\/index.php\\\/location-de-salle-sete\\\/\",\"url\":\"https:\\\/\\\/recreation-sete.fr\\\/index.php\\\/location-de-salle-sete\\\/\",\"name\":\"Location de salle - Recreation\",\"isPartOf\":{\"@id\":\"https:\\\/\\\/recreation-sete.fr\\\/#website\"},\"primaryImageOfPage\":{\"@id\":\"https:\\\/\\\/recreation-sete.fr\\\/index.php\\\/location-de-salle-sete\\\/#primaryimage\"},\"image\":{\"@id\":\"https:\\\/\\\/recreation-sete.fr\\\/index.php\\\/location-de-salle-sete\\\/#primaryimage\"},\"thumbnailUrl\":\"https:\\\/\\\/recreation-sete.fr\\\/wp-content\\\/uploads\\\/2025\\\/07\\\/PXL_20250609_0741504221-scaled.jpg\",\"datePublished\":\"2025-04-07T14:45:30+00:00\",\"dateModified\":\"2025-10-03T11:25:59+00:00\",\"description\":\"La Re-cr\u00e9ation vous loue \u00e0 la salle ou enti\u00e8rement son espace. Un lieu conviviale et en bord de quai \u00e0 S\u00e8te. Il est \u00e9quip\u00e9 de la clim, de WC.\",\"breadcrumb\":{\"@id\":\"https:\\\/\\\/recreation-sete.fr\\\/index.php\\\/location-de-salle-sete\\\/#breadcrumb\"},\"inLanguage\":\"fr-FR\",\"potentialAction\":[{\"@type\":\"ReadAction\",\"target\":[\"https:\\\/\\\/recreation-sete.fr\\\/index.php\\\/location-de-salle-sete\\\/\"]}]},{\"@type\":\"ImageObject\",\"inLanguage\":\"fr-FR\",\"@id\":\"https:\\\/\\\/recreation-sete.fr\\\/index.php\\\/location-de-salle-sete\\\/#primaryimage\",\"url\":\"https:\\\/\\\/recreation-sete.fr\\\/wp-content\\\/uploads\\\/2025\\\/07\\\/PXL_20250609_0741504221-scaled.jpg\",\"contentUrl\":\"https:\\\/\\\/recreation-sete.fr\\\/wp-content\\\/uploads\\\/2025\\\/07\\\/PXL_20250609_0741504221-scaled.jpg\",\"width\":1440,\"height\":2560,\"caption\":\"location de salle r\u00e9p\u00e9tition\"},{\"@type\":\"BreadcrumbList\",\"@id\":\"https:\\\/\\\/recreation-sete.fr\\\/index.php\\\/location-de-salle-sete\\\/#breadcrumb\",\"itemListElement\":[{\"@type\":\"ListItem\",\"position\":1,\"name\":\"Accueil\",\"item\":\"https:\\\/\\\/recreation-sete.fr\\\/\"},{\"@type\":\"ListItem\",\"position\":2,\"name\":\"Location de salle\"}]},{\"@type\":\"WebSite\",\"@id\":\"https:\\\/\\\/recreation-sete.fr\\\/#website\",\"url\":\"https:\\\/\\\/recreation-sete.fr\\\/\",\"name\":\"Recr\u00e9ation \u00e0 S\u00e9te\",\"description\":\"Structure des Arts Vivants\",\"publisher\":{\"@id\":\"https:\\\/\\\/recreation-sete.fr\\\/#organization\"},\"potentialAction\":[{\"@type\":\"SearchAction\",\"target\":{\"@type\":\"EntryPoint\",\"urlTemplate\":\"https:\\\/\\\/recreation-sete.fr\\\/?s={search_term_string}\"},\"query-input\":{\"@type\":\"PropertyValueSpecification\",\"valueRequired\":true,\"valueName\":\"search_term_string\"}}],\"inLanguage\":\"fr-FR\"},{\"@type\":\"Organization\",\"@id\":\"https:\\\/\\\/recreation-sete.fr\\\/#organization\",\"name\":\"Recr\u00e9ation \u00e0 S\u00e9te\",\"url\":\"https:\\\/\\\/recreation-sete.fr\\\/\",\"logo\":{\"@type\":\"ImageObject\",\"inLanguage\":\"fr-FR\",\"@id\":\"https:\\\/\\\/recreation-sete.fr\\\/#\\\/schema\\\/logo\\\/image\\\/\",\"url\":\"https:\\\/\\\/recreation-sete.fr\\\/wp-content\\\/uploads\\\/2025\\\/03\\\/recreation-logo-300px.png\",\"contentUrl\":\"https:\\\/\\\/recreation-sete.fr\\\/wp-content\\\/uploads\\\/2025\\\/03\\\/recreation-logo-300px.png\",\"width\":301,\"height\":91,\"caption\":\"Recr\u00e9ation \u00e0 S\u00e9te\"},\"image\":{\"@id\":\"https:\\\/\\\/recreation-sete.fr\\\/#\\\/schema\\\/logo\\\/image\\\/\"},\"sameAs\":[\"https:\\\/\\\/www.facebook.com\\\/marine.chaboud\",\"https:\\\/\\\/www.instagram.com\\\/forma_voix\\\/\",\"https:\\\/\\\/www.linkedin.com\\\/in\\\/marine-chaboud-formavoix\\\/\"]}]}<\/script>\n<!-- \/ Yoast SEO plugin. -->","yoast_head_json":{"title":"Location de salle - Recreation","description":"La Re-cr\u00e9ation vous loue \u00e0 la salle ou enti\u00e8rement son espace. Un lieu conviviale et en bord de quai \u00e0 S\u00e8te. Il est \u00e9quip\u00e9 de la clim, de WC.","robots":{"index":"index","follow":"follow","max-snippet":"max-snippet:-1","max-image-preview":"max-image-preview:large","max-video-preview":"max-video-preview:-1"},"canonical":"https:\/\/recreation-sete.fr\/index.php\/location-de-salle-sete\/","og_locale":"fr_FR","og_type":"article","og_title":"Location de salle - Recreation","og_description":"La Re-cr\u00e9ation vous loue \u00e0 la salle ou enti\u00e8rement son espace. Un lieu conviviale et en bord de quai \u00e0 S\u00e8te. Il est \u00e9quip\u00e9 de la clim, de WC.","og_url":"https:\/\/recreation-sete.fr\/index.php\/location-de-salle-sete\/","og_site_name":"Recreation","article_publisher":"https:\/\/www.facebook.com\/marine.chaboud","article_modified_time":"2025-10-03T11:25:59+00:00","og_image":[{"width":1440,"height":2560,"url":"http:\/\/recreation-sete.fr\/wp-content\/uploads\/2025\/07\/PXL_20250609_0741504221-scaled.jpg","type":"image\/jpeg"}],"twitter_card":"summary_large_image","twitter_misc":{"Dur\u00e9e de lecture estim\u00e9e":"2 minutes"},"schema":{"@context":"https:\/\/schema.org","@graph":[{"@type":"WebPage","@id":"https:\/\/recreation-sete.fr\/index.php\/location-de-salle-sete\/","url":"https:\/\/recreation-sete.fr\/index.php\/location-de-salle-sete\/","name":"Location de salle - Recreation","isPartOf":{"@id":"https:\/\/recreation-sete.fr\/#website"},"primaryImageOfPage":{"@id":"https:\/\/recreation-sete.fr\/index.php\/location-de-salle-sete\/#primaryimage"},"image":{"@id":"https:\/\/recreation-sete.fr\/index.php\/location-de-salle-sete\/#primaryimage"},"thumbnailUrl":"https:\/\/recreation-sete.fr\/wp-content\/uploads\/2025\/07\/PXL_20250609_0741504221-scaled.jpg","datePublished":"2025-04-07T14:45:30+00:00","dateModified":"2025-10-03T11:25:59+00:00","description":"La Re-cr\u00e9ation vous loue \u00e0 la salle ou enti\u00e8rement son espace. Un lieu conviviale et en bord de quai \u00e0 S\u00e8te. Il est \u00e9quip\u00e9 de la clim, de WC.","breadcrumb":{"@id":"https:\/\/recreation-sete.fr\/index.php\/location-de-salle-sete\/#breadcrumb"},"inLanguage":"fr-FR","potentialAction":[{"@type":"ReadAction","target":["https:\/\/recreation-sete.fr\/index.php\/location-de-salle-sete\/"]}]},{"@type":"ImageObject","inLanguage":"fr-FR","@id":"https:\/\/recreation-sete.fr\/index.php\/location-de-salle-sete\/#primaryimage","url":"https:\/\/recreation-sete.fr\/wp-content\/uploads\/2025\/07\/PXL_20250609_0741504221-scaled.jpg","contentUrl":"https:\/\/recreation-sete.fr\/wp-content\/uploads\/2025\/07\/PXL_20250609_0741504221-scaled.jpg","width":1440,"height":2560,"caption":"location de salle r\u00e9p\u00e9tition"},{"@type":"BreadcrumbList","@id":"https:\/\/recreation-sete.fr\/index.php\/location-de-salle-sete\/#breadcrumb","itemListElement":[{"@type":"ListItem","position":1,"name":"Accueil","item":"https:\/\/recreation-sete.fr\/"},{"@type":"ListItem","position":2,"name":"Location de salle"}]},{"@type":"WebSite","@id":"https:\/\/recreation-sete.fr\/#website","url":"https:\/\/recreation-sete.fr\/","name":"Recr\u00e9ation \u00e0 S\u00e9te","description":"Structure des Arts Vivants","publisher":{"@id":"https:\/\/recreation-sete.fr\/#organization"},"potentialAction":[{"@type":"SearchAction","target":{"@type":"EntryPoint","urlTemplate":"https:\/\/recreation-sete.fr\/?s={search_term_string}"},"query-input":{"@type":"PropertyValueSpecification","valueRequired":true,"valueName":"search_term_string"}}],"inLanguage":"fr-FR"},{"@type":"Organization","@id":"https:\/\/recreation-sete.fr\/#organization","name":"Recr\u00e9ation \u00e0 S\u00e9te","url":"https:\/\/recreation-sete.fr\/","logo":{"@type":"ImageObject","inLanguage":"fr-FR","@id":"https:\/\/recreation-sete.fr\/#\/schema\/logo\/image\/","url":"https:\/\/recreation-sete.fr\/wp-content\/uploads\/2025\/03\/recreation-logo-300px.png","contentUrl":"https:\/\/recreation-sete.fr\/wp-content\/uploads\/2025\/03\/recreation-logo-300px.png","width":301,"height":91,"caption":"Recr\u00e9ation \u00e0 S\u00e9te"},"image":{"@id":"https:\/\/recreation-sete.fr\/#\/schema\/logo\/image\/"},"sameAs":["https:\/\/www.facebook.com\/marine.chaboud","https:\/\/www.instagram.com\/forma_voix\/","https:\/\/www.linkedin.com\/in\/marine-chaboud-formavoix\/"]}]}},"_links":{"self":[{"href":"https:\/\/recreation-sete.fr\/index.php\/wp-json\/wp\/v2\/pages\/169","targetHints":{"allow":["GET"]}}],"collection":[{"href":"https:\/\/recreation-sete.fr\/index.php\/wp-json\/wp\/v2\/pages"}],"about":[{"href":"https:\/\/recreation-sete.fr\/index.php\/wp-json\/wp\/v2\/types\/page"}],"author":[{"embeddable":true,"href":"https:\/\/recreation-sete.fr\/index.php\/wp-json\/wp\/v2\/users\/1"}],"replies":[{"embeddable":true,"href":"https:\/\/recreation-sete.fr\/index.php\/wp-json\/wp\/v2\/comments?post=169"}],"version-history":[{"count":13,"href":"https:\/\/recreation-sete.fr\/index.php\/wp-json\/wp\/v2\/pages\/169\/revisions"}],"predecessor-version":[{"id":964,"href":"https:\/\/recreation-sete.fr\/index.php\/wp-json\/wp\/v2\/pages\/169\/revisions\/964"}],"wp:featuredmedia":[{"embeddable":true,"href":"https:\/\/recreation-sete.fr\/index.php\/wp-json\/wp\/v2\/media\/401"}],"wp:attachment":[{"href":"https:\/\/recreation-sete.fr\/index.php\/wp-json\/wp\/v2\/media?parent=169"}],"curies":[{"name":"wp","href":"https:\/\/api.w.org\/{rel}","templated":true}]}}